e 6?
-412401342
What is -74b8b1 (base 14) in base 11?
-2258a48
What is 1110101001110011000110 (base 2) in base 4?
32221303012
Convert 12021221012 (base 3) to base 9.
167835
What is 102224 (base 10) in base 12?
4b1a8
What is -1310300030 (base 4) in base 5?
-110300340
-1001001110110010001 (base 2) to base 15
-5e956
-110011000001010101100 (base 2) to base 13
-466c80
-10010011000000100010 (base 2) to base 7
-5055346
Convert -1168064 (base 11) to base 9.
-3735222
-2793558 (base 10) to base 2
-1010101010000001010110
Convert -10011001001101110 (base 2) to base 6.
-1403102
Convert 271014 (base 9) to base 15.
33c47
3a364f (base 16) to base 15
50557b
Convert -21000100112010 (base 3) to base 13.
-a06557
What is -23def (base 16) in base 6?
-3052115
-2513048 (base 10) to base 12
-a12388
What is -11012211010112 (base 3) in base 7?
-25020344
Convert -5084294 (base 10) to base 9.
-10508305
-111330213 (base 4) to base 7
-523041
What is 145d68 (base 15) in base 10?
981773
Convert 109c84 (base 15) to base 4.
3001133332
Convert 275b39 (base 13) to base 4.
3221100031
Convert -526030 (base 12) to base 2.
-100111100011010100100
What is 11211000221110 (base 3) in base 15?
35856c
Convert 12a228 (base 11) to base 16.
31c8b
What is 146523 (base 8) in base 2?
1100110101010011
Convert -4630044 (base 9) to base 14.
-490ddb
What is -5014550 (base 8) in base 10?
-1317224
What is 2344112312 (base 5) in base 11?
3098098
What is -22656626 (base 8) in base 11?
-2873954
-1631504 (base 7) to base 12
-aab52
Convert -48302 (base 9) to base 12.
-16855
Convert -d98bb (base 16) to base 13.
-252778
Convert 17978 (base 10) to base 3.
220122212
d11ca7 (base 14) to base 10
7035371
What is 1172807 (base 9) in base 15?
c92da
Convert 57214 (base 9) to base 2.
1001010011000011
Convert dddc87 (base 14) to base 2.
11100101110001100101111
What is b24c5 (base 16) in base 2?
10110010010011000101
Convert 1111110110100111010 (base 2) to base 15.
a3dc2
cab79 (base 13) to base 6
11505301
What is -a535 (base 15) in base 3?
-1202220112
-d28 (base 14) to base 6
-15544
What is -111116550 (base 7) in base 3?
-110122210110010
What is -211210121002221 (base 3) in base 9?
-24717087
-1000110000101101001 (base 2) to base 12
-11a175
c0dad0 (base 14) to base 2
11000110000111000110110
What is 5273a6 (base 11) in base 6?
30032541
Convert 110020000000 (base 3) to base 2.
111010101110111010
Convert 21a96a7 (base 11) to base 2.
1110101111001101101101
Convert 221120121 (base 4) to base 8.
513031
22530207 (base 8) to base 3
100012200110221
What is 22233413 (base 5) in base 12?
955a4
-6001541 (base 8) to base 6
-53421441
Convert -10020304 (base 5) to base 4.
-103121132
What is 2790924 (base 10) in base 2?
1010101001011000001100
401141 (base 5) to base 10
12671
What is -32323320131 (base 4) in base 9?
-7326685
Convert -1300132320 (base 4) to base 8.
-1603670
-206125 (base 7) to base 8
-105634
-221104124 (base 5) to base 9
-1717418
Convert 4266653 (base 10) to base 7.
51160136
What is 330a59 (base 11) in base 3?
222211202112
Convert -32510355 (base 6) to base 11.
-6053a5
What is -24253511 (base 7) in base 2?
-1000010000011101100111
Convert -3100220212 (base 4) to base 13.
-23bc7b
What is -101000100001010111011111 (base 2) in base 3?
-201222200020101
What is -73019 (base 14) in base 2?
-1000011101010101111
Convert -20203444 (base 5) to base 10.
-162999
What is 131411434 (base 5) in base 13?
19b8a3
45abc (base 14) to base 10
169510
What is -11232133 (base 4) in base 14?
-8795
-28027 (base 13) to base 6
-1333551
6655543 (base 8) to base 11
101500a
What is -6574a (base 16) in base 12?
-1805a2
Convert -916479 (base 10) to base 4.
-3133233333
What is -1010000001001111010 (base 2) in base 3?
-121200100210
What is -110120121 (base 3) in base 14?
-34ad
Convert 8035886 (base 9) to base 11.
2460343
What is 1134110 (base 5) in base 9?
32015
What is 1074613 (base 10) in base 15?
16360d
11573387 (base 9) to base 4
111211113223
405030 (base 7) to base 10
68964
-1cbed6 (base 16) to base 11
-1077412
Convert 11010100011111110111 (base 2) to base 4.
3110133313
Convert 81df (base 16) to base 6.
413531
Convert -114c590 (base 14) to base 13.
-1930566
What is -1181019 (base 12) in base 9?
-6355253
What is -4162556 (base 7) in base 10?
-502781
40221330 (base 5) to base 15
64d2a
Convert -5045525 (base 7) to base 6.
-20504552
Convert -a463 (base 11) to base 5.
-420423
What is 5023024 (base 6) in base 15?
4a141
Convert -ba3c (base 16) to base 2.
-1011101000111100
11031416 (base 8) to base 13
650a89
What is 10642235 (base 8) in base 7?
25434362
What is 1111120212020 (base 3) in base 7?
6535050
-122000011122 (base 3) to base 12
-141868
Convert 3050243 (base 8) to base 11.
501405
Convert -ac821 (base 15) to base 16.
-85ee5
What is 1521436 (base 7) in base 16?
328cc
Convert -1410414 (base 6) to base 7.
-446635
-108403 (base 12) to base 11
-16a855
-23484006 (base 9) to base 3
-210112211000020
Convert -42a02 (base 15) to base 4.
-303220232
What is -11310240 (base 6) in base 16?
-55c50
Convert 5858b (base 12) to base 2.
11100111000111011
-16423 (base 11) to base 14
-8608
Convert 10000011001011001 (base 2) to base 4.
100121121
What is 2531123 (base 6) in base 2?
100001010010011011
-b4987 (base 12) to base 13
-837b2
-30103023 (base 5) to base 7
-2010360
Convert -404075 (base 8) to base 6.
-2504325
What is 18539 (base 13) in base 14?
131d4
What is -6a2060 (base 12) in base 3?
-10012120021200
Convert -9974529 (base 10) to base 4.
-212003030001
What is 609158 (base 11) in base 2?
11101110111000100101
2224451 (base 6) to base 14
2cdd5
Convert 113615115 (base 7) to base 14.
d15c7c
What is -23c9b2 (base 13) in base 14?
-1840c3
101011010110002 (base 3) to base 15
718aa5
Convert 12422015 (base 6) to base 15.
80a92
What is -220004120 (base 6) in base 12?
-1390640
What is -2411526 (base 7) in base 8?
-1124577
What is 1001001100010001 (base 2) in base 9?
56572
Convert 472695 (base 11) to base 2.
10110111001001100111
What is -929d (base 16) in base 15?
-b1c3
Convert 195937 (base 10) to base 5.
22232222
Convert -1641406 (base 7) to base 3.
-102121122011
What is 131531430 (base 6) in base 14?
4bcc54
-20537103 (base 8) to base 12
-156b36b
23090a8 (base 11) to base 9
7534540
-121002111002 (base 3) to base 9
-532432
103061 (base 7) to base 13
81a4
-2147944 (base 14) to base 6
-1322012344
What is -1224333 (base 6) in base 11?
-45482
1001222012112 (base 3) to base 2
10001011001101110011
Convert -9a9f (base 16) to base 15.
-badd
-133632646 (base 7) to base 2
-100001001011011001011100
Convert -115214 (base 8) to base 3.
-2000021100
2a611 (base 16) to base 3
22211010002
Convert -27033634 (base 8) to base 12.
-2035510
8678538 (base 9) to base 11
26a1705
34613 (base 12) to base 10
69999
What is -4da63 (base 14) in base 4?
-232232113
-33015135 (base 6) to base 12
-3b44ab
Convert 58502 (base 12) to base 9.
200152
Convert -35b664 (base 13) to base 11.
-7a6167
22112112212 (base 3) to base 8
510207
-30121000130 (base 4) to base 14
-607a32
Convert 33098b (base 14) to base 8.
6464057
24140a (base 14) to base 15
195450
2214223010 (base 5) to base 2
10010011100101010100101
a55e3 (base 15) to base 5
113240323
11011001010000011110110 (base 2) to base 5
3310302334
-1221241 (base 6) to base 3
-10022022121
What is -12840aa (base 11) in base 12?
-8aa663
What is 210212010 (base 3) in base 5?
1002213
Convert 10110110101011000011 (base 2) to base 13.
20274c
-205727 (base 11) to base 9
-552148
Convert 1900b (base 13) to base 9.
73276
What is 193ab4b (base 12) in base 5?
2324302403
What is 230582d (base 14) in base 7?
261562456
-1013122320 (base 5) to base 8
-7744023
Convert 10333032022 (base 4) to base 14.
260710
What is 30103230031 (base 4) in base 12?
10b7151
Convert -1b59b6 (base 12) to base 16.
-76e5a
Convert -1097158 (base 10) to base 13.
-2c550a
-95a74 (base 12) to base 10
-196792
15520313 (base 7) to base 11
935618
What is -1341005542 (base 6) in base 4?
-332013221012
-147364 (base 11) to base 9
-378560
Convert -35437 (base 14) to base 13.
-47109
Convert -3436077 (base 8) to base 6.
-31555035
Convert 1102517 (base 8) to base 2.
1001000010101001111
What is -3473531 (base 8) in base 15?
-13ad8c
What is 13315126 (base 8) in base 2?
1011011001101001010110
What is -1332271 (base 8) in base 16?
